divisor of r and 176.
16
Suppose -2*k + 24 = -3*b, 0*b - 26 = -5*k - b. Calculate the greatest common factor of 6 and k.
6
Let w(g) = 2*g**2 - g - 1. Let q be w(2). Calculate the greatest common divisor of 25 and q.
5
Suppose -5*h + 4*x - 94 = -0*x, -3*h = 3*x + 78. Let d be (-4)/h + (-9684)/(-99). What is the greatest common factor of d and 14?
14
Suppose 4*a = 3*b + 5*a - 724, -5*a + 1190 = 5*b. What is the highest common divisor of b and 27?
27
Suppose -5*w + 16 = -9. Let d(v) = -v**2 + 7*v. Let t be d(5). Calculate the highest common factor of w and t.
5
Let j = 14 - -1. Let x(m) = -m**2 + 6*m + 3. Let h be x(6). Let r be (h/(-2))/((-1)/110). Calculate the highest common factor of j and r.
15
Suppose -6*w + 50 + 34 = 0. Calculate the greatest common factor of 70 and w.
14
Suppose -10*x + 4*x = -288. What is the highest common factor of x and 72?
24
Let f = 2 - -2. Let z(h) = 10*h - 5. Let l be z(f). Let n = -1 + 8. What is the greatest common divisor of n and l?
7
Suppose 2*d - 3*d = -2, 2*d = 3*x + 1. Suppose 2*j = x + 5. Calculate the greatest common divisor of 6 and j.
3
Let i(m) = -m**2 - m + 5. Let f be i(0). Let t be (-2)/(-3) - (-133)/3. Let s be t - (-1)/2*0. Calculate the greatest common factor of s and f.
5
Let s = 6 - -3. Suppose 2*i - 3*h + 1 = 0, 5*i - 2*h + 6 = 2*h. Let v be (-14)/(-12) - i/(-12). What is the highest common factor of s and v?
1
Let n(t) = 3*t**2 + 5*t - 10. Let v be n(3). What is the highest common divisor of 2 and v?
2
Let w = 10 + -7. Let a = w - -17. Suppose -4*o = -o - 240. Calculate the greatest common divisor of o and a.
20
Let p = 33 - 28. Calculate the greatest common divisor of 5 and p.
5
Suppose 0 = 3*q + q - 3*d - 20, 0 = d. Let h(x) = x**2 - 2*x. Let w be h(2). Suppose w = -3*k - 2*k + 5. Calculate the highest common divisor of q and k.
1
Let s be (-4)/((-6)/(-3))*-1. Let m be -3 - (1 + -26 - s). Calculate the highest common factor of m and 36.
12
Suppose -5*p - 2*z - 3 = 0, -9 = 3*p + z + 2*z. Let s be 12 + p*(1 + -1). Let q be ((-9)/(-6))/((-3)/(-8)). Calculate the highest common factor of q and s.
4
Suppose -n - n + q + 7 = 0, 14 = n - 4*q. Suppose -52 = -n*u + 5*z, 0 = -3*u - 4*z + 25 + 7. Calculate the highest common divisor of u and 80.
16
Suppose -72 + 28 = -4*u. Suppose -4*t - 37 + u = -2*g, -5*t = 10. Let b = -9 - -27. What is the greatest common factor of b and g?
9
Let y = -19 + 13. Let r = y + 17. Calculate the highest common divisor of r and 11.
11
Let s(u) = 52*u - 13. Let r be s(3). Let x = 22 - 9. Calculate the greatest common divisor of x and r.
13
Let o(p) = -2*p**3 + 3*p**2 - 2*p - 3. Let u be o(3). Let d = -19 - u. What is the highest common divisor of d and 51?
17
Suppose 2*q - 27 = 2*b + 33, -5*q + 144 = -3*b. What is the greatest common divisor of 9 and q?
9
Let a(u) = -7*u - 17. Let o be a(-5). What is the highest common divisor of o and 72?
18
Let l(u) = 13*u - 1. Let h be l(1). Calculate the highest common divisor of 3 and h.
3
Let f be -1 - (-1 + (-2)/(-2)). Let r be f*(0 + -10 + 2). Suppose -r*c = -3*c - 165. What is the greatest common divisor of c and 22?
11
Suppose 0 = 4*g + 4*r + 15 - 127, -2*g + r = -68. Let h be 3 + (0 - 1 - 0). Let c be (-241)/(-3) + h/(-6). What is the highest common factor of c and g?
16
Suppose -12*b + 8*b - 4 = 0. Let w be 12/(3 - b) + 3. Calculate the greatest common factor of w and 48.
6
Suppose 0 = 3*f - 6*f + 2013. Calculate the highest common divisor of f and 61.
61
Suppose 0 = -6*l + l + 3*k + 146, 9 = 3*k. Let q = l + -13. Calculate the greatest common divisor of 3 and q.
3
Suppose 3*l = 5*t + 32, 2 = 5*l + t - 14. Calculate the greatest common divisor of 10 and l.
2
Let v = -6 - -22. Calculate the highest common divisor of v and 16.
16
Let o be (-18259)/(-152) + (-2)/16. What is the greatest common factor of o and 15?
15
Let n(s) = 2*s**2 + 3 + 3*s**2 + 4*s - 2*s. Let u = 1 - -3. Let w be n(u). What is the greatest common divisor of 13 and w?
13
Let f = 757 - 424. Calculate the highest common factor of f and 37.
37
Let q(x) = -x**3 + 35. Let d be q(0). What is the highest common factor of d and 5?
5
Let m(g) = g + 15. Let x(p) = -p**3 + 5*p**2 + 5*p - 1. Let d be x(6). Let r be m(d). Calculate the highest common divisor of r and 56.
8
Let z = -1 + 3. Suppose 6*n - z*o - 10 = 3*n, 3*o = -3*n. Suppose -55 = -7*a + n*a. What is the highest common factor of a and 44?
11
Suppose 5*i = -5*t + 3*t + 285, -4*i + 231 = t. Suppose 19 - i = -5*x. What is the highest common factor of x and 4?
4
Let k(b) = -b**3 + 18*b**2 - 16*b - 7. Let s be k(17). Calculate the greatest common factor of s and 8.
2
Suppose c + 2*j - 8 = 0, 4*c + 3*j - 1 = 26. Calculate the greatest common factor of c and 9.
3
Let f(r) = -r**2 - 8*r - 3. Let n = 10 - 7. Let b = n + -7. Let g be f(b). What is the greatest common divisor of 26 and g?
13
Suppose -5*o = -5*y - 35, 0 = -5*o + 15. Let j = y + 8. Suppose 5*p - 4*k - 90 = 0, -3*p = -p + j*k - 8. What is the highest common divisor of p and 154?
14
Let d(s) = -s**2 - s - 1. Let t be d(-2). Suppose -2*u + 3 = 1. Let r = u - t. Calculate the greatest common factor of r and 36.
4
Suppose 372 = 4*o - j, 9 - 25 = 4*j. Calculate the greatest common factor of o and 23.
23
Let g be ((-9)/(-3))/(9/15). Suppose -184 = -2*d + 4*o, g*o - 26 = -d + 59. What is the highest common divisor of 10 and d?
10
Let s(v) be the second derivative of -14*v**3/3 + v**2 - 2*v. Let b be s(-1). Calculate the greatest common factor of b and 30.
30
Let r(p) = -3*p**3 - 7*p**2 - 7*p - 6. Let t be r(-3). What is the greatest common divisor of 22 and t?
11
Suppose -2*g + 8 = -4. Suppose 40 = 2*h + 4*b, 0*h + 5*b = h - g. Suppose -2*d = 4*d - 192. Calculate the greatest common divisor of h and d.
16
Let n(i) = i - 1. Let l be n(3). Suppose -t + 0 = l. Let v be (2/(-3))/(t/12). What is the highest common factor of 32 and v?
4
Let y be (3 - 12)/(1/(-7)). Let c = -4 - -8. Let w be 6/c*(7 + -1). What is the highest common factor of y and w?
9
Let i(d) = -4*d - 3. Let a be i(-3). Let q be 213/a - (-4)/12. Calculate the greatest common factor of 120 and q.
24
Let o be ((-4)/5)/(2/(-10)). Suppose -o*n - 3*g - 10 = -64, g = 5*n - 58. What is the greatest common divisor of 8 and n?
4
Suppose 5*g = 31 - 1. Suppose 2*h + 24 = 6*h. Calculate the greatest common divisor of g and h.
6
Suppose 5*a = 313 + 367. Calculate the greatest common factor of a and 17.
17
Let s be -4 + 1 + 1 - -28. Calculate the greatest common factor of s and 39.
13
Let d = -2825 - -4443. Suppose d = 4*o + 294. Let f = -199 + o. Calculate the highest common divisor of f and 12.
12
Let q = -1 - -5. Suppose -p = q*p - 45. Let k = 47 + -20. Calculate the highest common factor of k and p.
9
Suppose 4*i = -4*f + 60, -5*f + 4*i - 3*i + 105 = 0. What is the greatest common divisor of f and 10?
10
Let m = -28 + 56. What is the highest common divisor of m and 4?
4
Let f = -2 - -6. Let x be 1 - ((-3 - -4) + -36). What is the highest common divisor of f and x?
4
Let l(h) = -h**3 - h - 1. Let o be l(0). Let j be -3*o/((-3)/(-12)). Let b be (-4)/j + 482/6. What is the greatest common divisor of 32 and b?
16
Suppose 68*r - 72*r + 36 = 0. Calculate the greatest common factor of 1 and r.
1
Suppose 3*x - 6*x + 42 = 0. Suppose 2*i - 32 = -5*a, 9*a = 2*i + 7*a - 46. What is the highest common factor of x and i?
7
Let f(y) = 3*y**2 + 5*y. Let s be f(3). Calculate the highest common factor of s and 14.
14
Let t be 0 + (4 - (-7 - -2)). Calculate the highest common divisor of t and 45.
9
Let g = -12 - 1. Let k = 19 + g. Calculate the greatest common divisor of k and 6.
6
Suppose 0 = y - 1 - 4. Let w = 14 + y. Calculate the greatest common divisor of 171 and w.
19
Let d(r) be the second derivative of -r**5/20 + r**4/12 - r**3/6 + 44*r**2 - 7*r. Let l be d(0). What is the highest common factor of l and 11?
11
Let k(b) = 4 - 12*b - b - b**2 + b - 9. Let d be k(-11). Calculate the highest common divisor of 24 and d.
6
Suppose -3*p = p + 16, -p + 98 = 3*m. Suppose -2*z + 5*j + 65 = 3*z, j = -2*z + 38. Calculate the greatest common divisor of m and z.
17
Suppose -4*i - 2*q + 192 = 0, 3*i - 4*q + 3*q - 134 = 0. Calculate the highest common factor of 368 and i.
46
Let h be ((-8)/2)/(1 + (-3)/2). What is the greatest common 